hen 23 is divided by g(-9)?
5
Let n(z) = 2*z + 2. Let v be n(4). Suppose v = o - 6*o. Calculate the remainder when 32 is divided by o - -1 - (-21 - -3).
15
Let m(v) = -38*v - 3. Let w be m(-2). Suppose 3*l - 49 = -j + w, -5*l - 3*j = -198. Suppose -l = -5*a + 2*a. Calculate the remainder when 40 is divided by a.
12
Let z(p) = -p + 25. Calculate the remainder when 106 is divided by z(-11).
34
Let y(k) = -k**2 - 4*k - 3. Let q be y(-7). Let m = 36 + q. Calculate the remainder when 16 is divided by 69/m - (-2)/8.
4
Suppose 5*n - 31 = -11. Calculate the remainder when (-760)/(-32) + 1/n is divided by 9.
6
Suppose 129 = -4*a + w, -3*w - 37 = 2*a + 2*w. Let m = 51 + a. What is the remainder when 59 is divided by m?
19
Suppose y + 2*y = 12. Suppose 4*k - p - y*p = 49, 2*k - 23 = 3*p. Calculate the remainder when 31 is divided by k.
15
Let q(a) = 6*a**3 - a**2 + 1. What is the remainder when 55 is divided by q(1)?
1
Calculate the remainder when 0 - (-207 - -3)/4 is divided by 13.
12
Let r = -7 + 10. Suppose 0 = -r*j + 11 + 7. Suppose -j = -u + 16. What is the remainder when u is divided by 8?
6
Let c(j) = 16*j**2 + j + 1. Let h be c(-1). Suppose 48 = 4*i - h. Suppose 6*t = 14 + 166. What is the remainder when t is divided by i?
14
Calculate the remainder when (40*1)/1 - -1 is divided by 5*2 - (-4)/4.
8
Suppose 3 = -3*v, 2*v + 2*v = r - 34. Calculate the remainder when 119 is divided by r.
29
Suppose 5*z - 4 = 4*s, s - 4*z = -4*s + 4. Let r = s - -3. Let x(f) = -f**2 + 7*f + 5. Calculate the remainder when 9 is divided by x(r).
4
Suppose 3*w - 6 - 3 = 0. Suppose 2*t - w - 1 = 0. Suppose -t*c = 4*v - 9 + 1, 0 = -c - v + 5. What is the remainder when 17 is divided by c?
5
Suppose -4 = -0*u - 2*u. Suppose 2*c - 5*x + 11 = 0, -2*x + 13 = -c + 3*x. What is the remainder when u - (3 + -2)*-1 is divided by c?
1
Let d(k) = k. Let z be d(4). Let f(o) be the first derivative of -o**3/3 + 3*o**2/2 + 5*o - 1. Calculate the remainder when 1 is divided by f(z).
0
Let u(y) = 15*y**2 - y + 1. Suppose 3*f + 3 = 6. What is the remainder when u(f) is divided by 6?
3
Let c(b) = b + 7. Let d(m) = m - 7. Let s be d(9). Suppose 0 = -s*w + w + 18. Calculate the remainder when w is divided by c(0).
4
Let g = -3 + 6. Let z be 3*g/3 + 194. Suppose -3*m - 25 - z = -3*v, -m - 287 = -4*v. What is the remainder when v is divided by 24?
23
Let n = 6 + -6. Suppose 5*b - 250 = -0*w - 3*w, -2*w = n. Calculate the remainder when b is divided by 13.
11
Let d = -2 + 7. Calculate the remainder when 10 is divided by d.
0
Let p = 76 - 43. What is the remainder when p is divided by 6?
3
Let h be (-154)/(-8) + 5/(-20). Let u = h + 3. Let l = -6 - -14. Calculate the remainder when u is divided by l.
6
Let p(x) = x**3 + 6*x**2 - 5. Suppose 0 = 60*l - 65*l + 50. Calculate the remainder when p(-4) is divided by l.
7
Suppose -4*a + 35 + 17 = 0. Calculate the remainder when 38 is divided by a.
12
Suppose -x - 4*x = -555. Suppose -15 = 3*k - x. Suppose 2*b + 0*b - k = -2*v, 0 = 5*v - 2*b - 45. Calculate the remainder when 32 is divided by v.
10
Suppose 2*c + 2*t - 4 = 0, -c - 4 + 16 = -4*t. Calculate the remainder when 10 is divided by c.
2
Suppose -3*l = -2*l - 41. Suppose 4*n - y = 46, -2*y - 63 = -5*n + 2*y. Let j = 25 - n. What is the remainder when l is divided by j?
13
Let c(b) = b**2 - 16*b + 35. Calculate the remainder when c(21) is divided by 48.
44
Let p = -1 - -4. Suppose m = 5*b - 8, -5 + 3 = p*b - 4*m. Suppose 3*a + 2*l - 11 - 23 = 0, -b*l = -2*a + 26. What is the remainder when 23 is divided by a?
11
Suppose -5*v = -10, -2*c + 2 = 2*c + 3*v. What is the remainder when 25 is divided by ((-10)/25)/(c/35)?
11
Suppose -92 = -5*i - 2*b, b - 37 = -i - i. Let r = 30 - i. Calculate the remainder when 45 is divided by r.
9
Calculate the remainder when 19 is divided by 6/3*5 - 3.
5
Let i(j) = 6*j - 3. Calculate the remainder when 76 is divided by i(5).
22
Let g(z) = 3*z**2 - 5*z + 3. What is the remainder when g(4) is divided by 16?
15
Suppose -4*r + 5*l + 47 = 0, -r = -0*r + 5*l - 18. Suppose -4*q = -5*n + 132 + 50, -162 = -4*n - 5*q. Calculate the remainder when n is divided by r.
12
Let o(v) = 2*v**2 + 13*v + 2. Let h be o(-9). Suppose -h = -5*x + 2*b, -x + 15 = x + 3*b. What is the remainder when 15 is divided by x?
6
Let g(q) = -q**2 + 14*q + 10. Let v = -15 - -27. Let k(p) = 5*p - 3. What is the remainder when g(v) is divided by k(3)?
10
Let v(d) = -23*d - 25. What is the remainder when v(-3) is divided by 24?
20
Suppose -188 = -0*x - 4*x + 4*n, 0 = -x - 2*n + 35. Calculate the remainder when x is divided by 22.
21
Suppose v - 19 = 7. Let p(q) = q**3 - 2*q**2 + 4*q - 4. Let l be p(3). Suppose -z - b + 4*b = -16, 2*z = b + l. Calculate the remainder when v is divided by z.
5
Let q(y) = y**3 + 22*y**2 - 2*y - 15. What is the remainder when q(-22) is divided by 11?
7
Let m = -3 - -5. Let g(t) = -2*t + 3*t**2 - 3*t + 6 - 2*t**m. Calculate the remainder when 58 is divided by g(7).
18
Calculate the remainder when (44/6)/((-12)/(-54)) is divided by 17.
16
Let v(t) = -3*t. Let k be v(-1). Suppose k*u - 3*r = -0*u + 18, 2*u - 5*r - 9 = 0. What is the remainder when 27 is divided by u?
6
Suppose 0 = 4*b - 15 - 53. Let t = 1 - -3. Suppose -3*w = m + t*m - 251, -4*w + 8 = 0. Calculate the remainder when m is divided by b.
15
Let m(q) = q**2 - 8*q + 9. Let k be m(7). Suppose 5*o + k*f = 3*f + 10, 0 = -o - 3*f + 2. What is the remainder when o is divided by 1?
0
Suppose -5*h = -4*h - 42. Calculate the remainder when h is divided by 9.
6
Let r = -1 - -1. Suppose -2*q = -8 - 0. Suppose -2*b + 2*v + q = -4, r = 4*b - 2*v - 14. Calculate the remainder when 8 is divided by b.
2
Suppose u = 4*f - 2*u - 256, -5*f + 320 = -3*u. Calculate the remainder when f is divided by 19.
7
What is the remainder when 25 is divided by 17*(-4)/(-10) - (-24)/120?
4
What is the remainder when (-2)/(-10) - 143/65 - -3 is divided by 1?
0
Let u(g) = 2*g**2 + 8*g + 23. Calculate the remainder when 89 is divided by u(-6).
42
Suppose q = -3*q + 72. Let a(x) = 23*x - 9. Let o be a(6). Let i = -76 + o. Calculate the remainder when i is divided by q.
17
Suppose -45 = 5*s - 3*h, -s + 2*s = -2*h - 22. Let g = s + 21. What is the remainder when 26 is divided by g?
8
Let m(b) = 19*b**2 + 4*b + 3. What is the remainder when m(-2) is divided by 19?
14
Calculate the remainder when (-2568)/(-21) - 6/21 is divided by 42.
38
Let i(h) = -2*h - 9. Let m = -4 - 7. What is the remainder when i(m) is divided by 5?
3
Suppose -s + 2*s = 32. Calculate the remainder when s is divided by 9.
5
Suppose -2*v - 4*y + 96 = -0*v, 101 = 2*v + 5*y. Calculate the remainder when v is divided by 8.
6
Suppose 0 = -13*r + 3*r + 980. What is the remainder when r is divided by 25?
23
Suppose 6*a - 2*a - 84 = 0. Let z = -12 + a. Calculate the remainder when z is divided by 4.
1
Suppose -2*p - l + 11 = -86, 5*p + 3*l - 245 = 0. Suppose 3*n - 4*y = 66, 3*y = 2*n + y - p. What is the remainder when n is divided by 14?
12
Let s(b) = -b**3 - 11*b**2 - 5*b + 10. Let p be s(-10). Let j = 79 + p. Calculate the remainder when j is divided by 10.
9
Calculate the remainder when (82/(-26) - (-30)/195)*-5 is divided by 3.
0
What is the remainder when 51 is divided by (-136)/(-5) - (3 - 28/10)?
24
Suppose 5*i - 57 = -4*o, o + 3*i = 8*i + 33. Let h = 10 - 7. Suppose -3*f + h = -o. Calculate the remainder when 12 is divided by f.
5
Let p(n) = -n. Suppose -6*j + 0*j = 60. What is the remainder when 19 is divided by p(j)?
9
Suppose 2*q + 7 = -5*k, -5*q + 2*q = -4*k - 1. Suppose 64*t = 80*t - 336. What is the remainder when (1 + 2/k)*-41 is divided by t?
20
Suppose 5*h - 9 = 11. What is the remainder when 14 is divided by h?
2
What is the remainder when (15 + -1)/(5 + -4) is divided by 2/((-4)/(-18)) - 1?
6
Let o(j) = j**2 - j + 7. Let q(h) = 2*h + 3 - 2 - 3*h + 7. Calculate the remainder when o(-5) is divided by q(-5).
11
Suppose -92 = -5*r - 27. Let w = 13 + r. What is the remainder when w is divided by 9?
8
Suppose 0 = 3*b - 5*b + 6. Suppose 6*p - 1 = j + 3*p, -6 = -2*j + 4*p. What is the remainder when j is divided by b?
2
Suppose 2*k = s + 47, -3*k + 93 = -0*k + 3*s. Suppose -140 + k = -6*c. What is the remainder when c is divided by 7?
5
Let r = 7 - 5. Suppose 0 = -4*x + 16, 76 = 2